 the greatest common factor of 6 and d?
6
Let y be (2/16*22)/((-7)/(-224)). Calculate the highest common divisor of 22 and y.
22
Let d = 45 + -35. Calculate the highest common divisor of d and 70.
10
Suppose 0 = -2*q - 0*q + 74. Let p = q + 3. What is the highest common divisor of 8 and p?
8
Let k(b) = -b**2 - 33*b - 104. Let o be k(-24). What is the highest common factor of o and 16?
16
Let k(a) = -3*a - 3. Let j be k(-9). Calculate the highest common divisor of 36 and j.
12
Let r(a) = -a + 11. Let b(s) = 2*s - 22. Let d(t) = -3*b(t) - 5*r(t). Let f be d(10). What is the highest common divisor of 11 and f?
1
Let g = -7 - -67. What is the highest common factor of 12 and g?
12
Suppose 65 = 3*k - 3*b + b, 4*k - 84 = 4*b. What is the highest common factor of 46 and k?
23
Suppose -5*k = 2*h - 6 - 24, 0 = 3*h + 3*k - 54. What is the greatest common factor of h and 8?
4
Let i(r) = -4*r - 5. Let z be i(-10). Calculate the greatest common divisor of 35 and z.
35
Let a be ((-21)/28)/(2/(-32)). Let h = -11 + 19. Let g = 11 - h. Calculate the highest common divisor of g and a.
3
Suppose 5*j - 20 = -5*a, 0*j + 3*j = -a + 18. Let z = j + -1. Let c = 0 + 2. Calculate the highest common factor of z and c.
2
Suppose -3 = -2*s - 5. Let j be s + 2 - (-1 + -1). Let g(o) = -o - 3. Let k be g(-15). Calculate the highest common factor of k and j.
3
Let j be -3*(-39 + 2 - -2). Let r = j + 5. Suppose 3*a - 82 = 4*n, -8*n = -11*n - 12. Calculate the greatest common divisor of a and r.
22
Let n(m) = -19*m - 2. Let y be n(-2). Let a = -9 + 63. Calculate the greatest common factor of y and a.
18
Let k = 6 - 3. Suppose 4*d = -d + 15, -k*a + 27 = 2*d. Calculate the greatest common divisor of a and 21.
7
Suppose -s - 12 = -4*c, c - 2 = -s - 4. Suppose -12*l = -4*l. Let j = l - s. What is the highest common factor of j and 20?
4
Let g = 13 - 9. Let t be 1*1/((-1)/(-2)). Calculate the greatest common divisor of g and t.
2
Suppose 2*m + 1 - 19 = 0. Calculate the highest common factor of m and 36.
9
Let h = -3 + 17. Suppose g - 70 = -4*g. Calculate the greatest common factor of g and h.
14
Let o(a) = a**3 - 5*a**2 + 8*a + 2. Let t be o(4). Calculate the greatest common divisor of 2 and t.
2
Suppose a - 9 = -2*h + 14, -3*a = -2*h + 3. What is the greatest common divisor of 3 and h?
3
Let t(l) be the third derivative of l**5/60 + l**4/6 + 2*l**3/3 + 2*l**2. Let q be t(-5). Calculate the greatest common divisor of q and 27.
9
Suppose 0 = -6*h + 102 + 150. Calculate the highest common factor of h and 21.
21
Let y be (-96)/(-9) + 16/(-24). What is the greatest common factor of 90 and y?
10
Suppose 0 = -11*a + 6*a + 15. Suppose -a*q + 1 = -2. What is the highest common divisor of q and 2?
1
Let q(h) = 13*h - 3. Let s(d) = d**2 + 5*d. Let j be s(-6). Let k be q(j). Calculate the highest common factor of k and 30.
15
Let y = -7 + 14. Let l(k) = -k**3 - 10*k**2 - 7*k - 14. Let d be l(-10). What is the highest common divisor of d and y?
7
Let p(b) = -b**2 + 9*b. Let i be p(8). Let n be i*15/36*3. What is the greatest common divisor of n and 5?
5
Let i(q) be the first derivative of -7*q**2/2 - 3*q + 2. Let y be i(-2). Let v = y - 2. What is the greatest common divisor of 9 and v?
9
Suppose 14 + 3 = f + 4*q, -f - 5*q = -18. Suppose -8*p = -f*p + 945. Calculate the highest common factor of 21 and p.
21
Let s(g) = 4*g**2 - 1. Let b be s(-5). What is the greatest common divisor of 11 and b?
11
Let k = -7 - -12. Suppose -2*h - h + 5*m = -12, 18 = -3*h - k*m. Let l be (0 - -1)/h*-4. Calculate the greatest common factor of 16 and l.
4
Let d = 43 + -31. Calculate the highest common factor of 6 and d.
6
Suppose 0 = -3*k + 3*p, 4*p + 0 = 3*k + 4. Suppose 5 = k*s - 3. Calculate the greatest common divisor of 8 and s.
2
Let k(h) = h**2 + 6*h - 7. Let c be k(-8). Let y = c - 7. Let i be (-2 - -58) + (-2)/y. Calculate the greatest common factor of 22 and i.
11
Let p(w) = -w**3 - 2 - 3*w**3 - 6*w**2 - 2 + 3*w**3 - w. Let o be p(-6). What is the highest common factor of 14 and o?
2
Let s(r) = r + 75. Let b be s(-20). Calculate the highest common divisor of b and 55.
55
Let d(p) be the first derivative of 3*p**2/2 - 5*p + 5. Let k be d(7). Calculate the greatest common factor of k and 176.
16
Let i(w) = w - 5*w - 2 + 7*w + 6*w. Let s be i(3). What is the highest common factor of s and 75?
25
Let f = 10 + 2. Let p(l) = 36*l. Suppose 2*b - 5*b = -9. Let r be p(b). What is the greatest common divisor of f and r?
12
Let i(o) = o**3 - o**2 + 1. Let l be i(0). What is the greatest common divisor of l and 9?
1
Let n = 225 + -125. Suppose 4*x + 0 = 80. Calculate the highest common factor of n and x.
20
Let h = 16 - 3. Let s = h - 7. What is the greatest common factor of s and 66?
6
Let h(k) = 2*k**2 + 3*k. Let o be h(-2). Suppose 0 = o*v + 2*w - 20, -4*v + 54 = -2*w - w. What is the highest common divisor of 36 and v?
12
Let r be 26 - 2/2*2. Let b = 5 - -3. What is the highest common factor of r and b?
8
Let b be 1*6/(-8)*-4. Calculate the greatest common divisor of 6 and b.
3
Let s(c) = 4*c**2 + 5*c + 3. Let g be s(-3). Let d be 1/(-4) + 966/g. What is the highest common factor of d and 8?
8
Let s(d) = d**2 + 8*d + 4. Suppose -q + 0*q - 9 = 0. Let t be s(q). Let a = 327 + -223. Calculate the greatest common divisor of t and a.
13
Let c(u) = -u**2 - u + 187. Let s be c(0). What is the highest common factor of 17 and s?
17
Suppose 0 = -2*z, -6 - 4 = -5*i - 5*z. Suppose i*s = -14 + 42. Let r be (s/6)/((-1)/(-24)). Calculate the greatest common factor of r and 8.
8
Let k = 337 + -216. What is the highest common divisor of k and 11?
11
Let g(l) = l**3 - 6*l**2 + l - 3. Let t be g(6). Suppose -z + t = -11. Calculate the greatest common factor of 2 and z.
2
Let l = 123 - 68. What is the greatest common divisor of 11 and l?
11
Let s be (17 + -3 + 2)*(-4)/(-8). Let b be (-2)/9 + 1160/36. What is the highest common factor of b and s?
8
Suppose 5*u - 353 = 82. Calculate the highest common divisor of 29 and u.
29
Let r(u) = 4*u - 9. Let z be r(8). Calculate the highest common divisor of 46 and z.
23
Suppose 0 = -s + 3 + 1. Let b(o) = o - 1. Let l be b(6). Suppose -l*k - 2*z + 36 = -8, 0 = -k - 4*z - 2. What is the greatest common factor of s and k?
2
Let t(f) = 8*f - 8. Let k be t(6). What is the greatest common divisor of k and 8?
8
Let g be (20/6)/((-3)/(-9)). What is the greatest common factor of g and 15?
5
Let m be 226/4 - (-8)/16. What is the greatest common factor of m and 19?
19
Let v be (-6)/(-5)*(7 + 68). What is the highest common factor of 36 and v?
18
Let p(r) = -r + 4. Suppose -2*x = 6, 3*w + 3*x + 18 = -0*x. Let l be p(w). Calculate the highest common divisor of l and 35.
7
Let x = -41 + 76. Calculate the greatest common divisor of 5 and x.
5
Let y(i) = -85*i + 2. Let j be y(6). Let m be j/(-6) - 18/27. What is the highest common factor of m and 12?
12
Let p = 8 + -6. Suppose -21 = u - 4*d, 3*d + p*d = 3*u + 42. Let t = 14 + u. Calculate the highest common factor of t and 15.
5
Let a = 77 + -27. Calculate the greatest common divisor of a and 5.
5
Let r = -134 + 141. What is the greatest common factor of 49 and r?
7
Let z(s) = 12*s**2 + 4. Let j be z(3). Suppose -4*n = 5*x - 96, -5*x - 3*n + 44 = -3*x. Calculate the greatest common factor of j and x.
16
Let p(t) = t**3 - 7*t**2 - 3*t - 4. Let z be p(8). What is the greatest common factor of 54 and z?
18
Suppose -3*n = -397 + 199. Calculate the greatest common divisor of n and 6.
6
Let u(a) = 21*a**2 + 2*a - 1. Let q be u(1). What is the highest common divisor of 198 and q?
22
Suppose 0 = 4*u - 16, c - 3*u = -8*u + 22. Suppose 338 = c*r - 0*j - j, -4*j = 3*r - 496. What is the greatest common divisor of r and 21?
21
Suppose 609 + 435 = 4*g. Calculate the highest common factor of g and 29.
29
Let k be (-4)/20 - (-81)/5. Suppose 10 = 4*h - 5*j, -5*h + 15 + 8 = -j. Suppose 96 = -l + h*l. Calculate the highest common divisor of k and l.
8
Suppose 3*j + 3*h - 99 = 0, 2*j + 3*h = 25 + 44. What is the highest common divisor of j and 12?
6
Let h(c) = c + 3. Let i be h(10). What is the greatest common factor of 13 and i?
13
Let r(a) = -a**2 + 11*a - 10. Let q be r(9). Let d(n) = 7*n - 12. Let h be d(q). Calculate the highest common factor of 11 and h.
11
Let r(x) =